. Let r(d) = d**3 + 7*d**2 - 6*d - 9. List the prime factors of r(j).
11, 13
Suppose 0 = 11*m - 4028 + 431. Suppose 6*h - 10*h + 1240 = -3*j, -h + 5*j + m = 0. What are the prime factors of h?
307
Let p = 340 + -118. Suppose a + p = 7*a. List the prime factors of a.
37
What are the prime factors of 10/(-4)*8*-2?
2, 5
Suppose 2*s - 127842 = -20*s. What are the prime factors of s?
3, 13, 149
Let p(h) = -5*h + 9. Let u(y) = 2*y + 3*y - 4 + 0*y - 3*y. Let n(k) = 6*p(k) + 13*u(k). What are the prime factors of n(-4)?
2, 3
Suppose 0 = 33*c - 20765 - 4678. What are the prime factors of c?
3, 257
Let a(h) = 3*h - 9. Let k = -18 + 29. Let q = k + -1. What are the prime factors of a(q)?
3, 7
What are the prime factors of -1 + -5 - 1195/(-1)?
29, 41
Suppose 0 = -51*r + 15*r + 50652. List the prime factors of r.
3, 7, 67
Let r(v) = -v - 8. Let d be r(2). Let x = 52 - d. What are the prime factors of x?
2, 31
Let k be 2/(-6) + (-28)/6. Let c = k - -64. What are the prime factors of c?
59
Suppose 2*v = -156*c + 159*c - 3182, -4*v + 8 = 0. What are the prime factors of c?
2, 3, 59
Let t = -356 - -483. What are the prime factors of t?
127
Let o = 860 + -46. What are the prime factors of o?
2, 11, 37
Let s = -820 + 1841. List the prime factors of s.
1021
Let g(p) be the second derivative of -p**5/20 + 13*p**4/12 - p**3/3 + 3*p**2/2 - 8*p. Let a be g(13). Let n = a - -38. What are the prime factors of n?
3, 5
Let w = 7 - 2. Suppose -w*r - 14 = -4. What are the prime factors of (r/(-3))/(3/9)?
2
Let k(w) be the second derivative of 3/2*w**2 - 4/3*w**3 + 0 + 1/12*w**4 + w. List the prime factors of k(10).
23
Suppose v + 4*f = -4*v - 25252, 4*f + 5044 = -v. What are the prime factors of v/(-48) + (-6)/(-8)?
2, 53
Suppose -v - 1210 = -2*y, 5*v + 1544 = 2*y + 334. What are the prime factors of y?
5, 11
Let o(r) = -r + 1. Let i be o(9). Let y be 3 - (3 - i - 3). Let t = y + 10. What are the prime factors of t?
5
Suppose 2*h - 16 = 16. Suppose h*z + 3*z - 4427 = 0. List the prime factors of z.
233
Let c(p) = -10*p - 4 + 4 - 3*p. Let f be c(-2). Let t = -10 + f. List the prime factors of t.
2
Let x = -208 + 447. List the prime factors of x.
239
Suppose 9 = 3*x, 2*q + 3 = -q - 3*x. Let l be (11 - (q - -2))*3. Suppose 3*j = l + 72. What are the prime factors of j?
37
Suppose -6 = -2*u - 0*u. Suppose k - 2*m + u*m = -541, 5*k - 4*m = -2732. List the prime factors of 2/(-3) - k/24.
2, 11
Let o be 6*1/((-4)/(-2)). Suppose -5*k - 20 = -0*z + o*z, 4*k = z + 1. What are the prime factors of k/((16/52)/(-4))?
13
Suppose -21 - 111 = -2*g. Suppose 0 = 2*i - 14 - g. Let p = i - 8. What are the prime factors of p?
2
Let v be (-3)/(159/(-30) + 5). List the prime factors of -2*((-845)/v - 1).
3, 19
Suppose 10*o - 9*o = 33. Let s = o - 34. List the prime factors of -5 + 4 + 47 + s.
3, 5
Let n(z) be the third derivative of 1/20*z**5 + 0 - 1/120*z**6 - 1/6*z**3 - 6*z**2 + 0*z**4 + 0*z. What are the prime factors of n(2)?
3
Suppose -3*d + 3*n - 6 = 0, -6 = -2*d - 0*d - 3*n. Suppose 8 = 3*a + 2*s - d, 0 = 4*a + s - 14. Suppose -a*o + 80 = o. List the prime factors of o.
2
Let s = 4 + -32. What are the prime factors of (-69)/4*(-3 + s/12)?
2, 23
Let p(o) = -5*o**2 - 8*o - 7. Let h be p(-1). What are the prime factors of (114/24)/((-2 - h)/24)?
3, 19
Suppose -9 = w - 4*t + 3*t, 4*w + 60 = -4*t. List the prime factors of (1 - -1)*-39*16/w.
2, 13
Let i(q) be the third derivative of q**5/60 + 3*q**4/8 - 7*q**3/6 + 2*q**2. Let r be i(-9). Let k(o) = -6*o - 14. List the prime factors of k(r).
2, 7
Let v be (3/9 + 483/(-18))*-2. Let k(y) = 5*y + 6. Let g be k(5). Let o = v - g. List the prime factors of o.
2, 11
Let a = -337 + 202. Let m = -67 - a. List the prime factors of m.
2, 17
Let v be (-3 + (-92)/(-28))*7. Suppose -v*h = p + 30, 0 = -5*p - h - 56 - 121. What are the prime factors of (p/8)/((-6)/16)?
2, 3
Suppose -9*i - 738 = 423. Let g = i - -240. List the prime factors of g.
3, 37
Suppose -4*i = -10*i + 30. Suppose 0 = 2*c + i*l + 4, -2*l + 16 = 4*c + 2*l. List the prime factors of c.
2
Let a = -30 - -8. Let c = 28 + a. List the prime factors of c.
2, 3
Let o = 2315 - 1589. What are the prime factors of o?
2, 3, 11
Suppose -2*z + 5*z - 27 = -3*n, -4*n - z + 27 = 0. Suppose n*t + 2 = 4*t. What are the prime factors of (t - -7)/((-15)/(-10))?
2
Let l(c) = -2*c**2 - 24*c + 14. What are the prime factors of l(-6)?
2, 43
Let k(h) = h**3 + 2*h**2 + 2*h + 20. Let j be k(0). List the prime factors of j/(-6)*-6*4.
2, 5
Suppose 0 = 2*h + 2*g + 6, -3*h + 4*h + 23 = -5*g. Suppose h*m - 8 = 3*m. List the prime factors of (-82)/(-2) - (8 + m).
41
Suppose -68 + 173 = 3*q. Suppose 8 = 4*b, z + 4 = 2*b + q. List the prime factors of z.
5, 7
Suppose 0 = -5*n + 3*n + 850. Suppose -4*r - j = -n, -2*r = r + 4*j - 335. List the prime factors of r.
3, 5, 7
Let h = 101 - 43. Let m = h + -34. List the prime factors of m.
2, 3
Suppose 0 = 3*d - 6, r = 4*d - 6. Suppose 2*g - 2 = -2*t, 2*g = t - g - 5. Suppose -c + 23 = r*x, -t*c + x = -x - 28. What are the prime factors of c?
17
Suppose 0*u = 5*u - 100. Let a(g) = 3*g**2 - 4*g + 2. Let r be a(2). Suppose 2*x - n = 85, x = -n + r*n + u. List the prime factors of x.
3, 5
Let y(f) = -f**2 - 8*f - 3. Let r be y(-7). Suppose 66 + 34 = r*l. What are the prime factors of l?
5
Let p = -5124 + 7329. List the prime factors of p.
3, 5, 7
What are the prime factors of (0 + -1 - 60/(-18))*501?
7, 167
Let b = 24 - 13. Let w = -1 + b. Suppose -5*j + 80 - w = 0. List the prime factors of j.
2, 7
Suppose o + 2*x + 56 = 5*o, 0 = -2*o - 3*x + 36. Suppose 7*f = 8*f - o. Suppose -2*v - 1 = -f. What are the prime factors of v?
7
List the prime factors of 3041 - -6*(-44)/(-33).
3049
Let c = -780 - -1319. What are the prime factors of c?
7, 11
List the prime factors of 36/(-24)*23*(-222)/9.
23, 37
Let t = 14 - 10. Suppose t*g - 8*g + 168 = 0. What are the prime factors of g?
2, 3, 7
Let g(u) = u**3 + 23*u**2 - u - 22. What are the prime factors of g(-19)?
11, 131
Suppose -3*j - 85 = 3*l - 517, -150 = -j - 3*l. Let n = j - 67. List the prime factors of n.
2, 37
Suppose -3*x + p + 1070 = 0, -x - x + 4*p = -730. What are the prime factors of x?
5, 71
Let o be (-3)/9*-3 - -47. Suppose 5*q + 20 = 4*m, 3*m + 4*q - o = -2. Suppose -3*t - m + 76 = 0. List the prime factors of t.
2, 11
Suppose 0 = -37*x + 10195 + 1312. List the prime factors of x.
311
Let z = 268 - 446. Let n = z - -325. Suppose -5*d = -n + 27. What are the prime factors of d?
2, 3
Let u(o) = o**2 - 2*o + 4. Let v be u(4). Let n(r) = 9*r - 4. List the prime factors of n(v).
2, 13
Let u(l) be the first derivative of l**4/4 - 8*l**3/3 + 4*l**2 + 9*l - 3. Let k be u(7). Suppose 39 = 5*x - k. What are the prime factors of x?
11
Suppose 81*r + 27234 = 132*r. What are the prime factors of r?
2, 3, 89
Let k(y) = 2*y**2 - 1. Let v = -4 - -8. Suppose 0*o + 8 = -v*o. List the prime factors of k(o).
7
Let a = 10 + -20. What are the prime factors of 2/5 - 156/a?
2
Let c(f) = -f**3 + 9*f**2 + 2*f + 30. What are the prime factors of c(7)?
2, 71
Suppose 0 = 5*r - r + 24. Let y be 27/r*(-4)/6. Suppose y*v - 72 = -z, 5*v - 7*v = 2*z - 128. List the prime factors of z.
2, 3, 5
Let g be -5 - (-872)/12 - 2/3. Suppose g = -4*d + 343. What are the prime factors of d?
3, 23
Let f(u) = 31*u + 49. What are the prime factors of f(3)?
2, 71
Suppose 37 = 2*v + 9. Suppose -b + 34 + v = 0. What are the prime factors of b?
2, 3
Let z(v) = v**2 + 26*v + 74. What are the prime factors of z(-32)?
2, 7, 19
Let w(q) = 13*q - 28*q + 16*q + 10. Let h be w(-7). Suppose h*z = -16 + 124. List the prime factors of z.
2, 3
Suppose 91*u = 76*u + 23700. List the prime factors of u.
2, 5, 79
Suppose 1425 = 8*q - 6751. List the prime factors of q.
2, 7, 73
Suppose -t + 0*a - 33 = 4*a, 5*t + 165 = 5*a. Suppose 6*v - 4*v - 4*q = 2052, -5*v + 4*q + 5154 = 0. What are the prime factors of (-2)/6 - v/t?
31
Let w(d) = 21*d + 18. Let j(c) = 20*c + 17. Let g(y) = -7*j(y) + 6*w(y). Let s be 410/(-80) - (-2 + (-15)/(-8)). What are the prime factors of g(s)?
59
Let o(k) = 0 + k**3 - 8*k + 2*k - 5*k + 7*k**2 + 2. List the prime factors of o(-6).
2, 13
List the prime factors of 24*5/(120/16).
2
Let b be 27/(-3)*(-3 - -4). Let a(l) = l**3 + 12*l**2 + 15*l - 1. What are the prime factor